e the remainder when i is divided by 17*(y + 4)/1.
10
Let u be (-638)/(((-32)/72)/2). Suppose 2*a - 11*a + u = 0. What is the remainder when a is divided by 27?
22
What is the remainder when (-14)/((-196)/(-1134))*-2 is divided by 98?
64
Let x = -269 - -160. Let m = -103 - x. Suppose -3*n + 3 + 81 = 0. What is the remainder when n is divided by m?
4
Let u = 2657 - 1547. What is the remainder when u is divided by 159?
156
Let q(v) = -v**3 - 26*v**2 + 36*v - 51. Calculate the remainder when q(-28) is divided by 104.
93
Let h = 237 - 236. Let n(d) = 21*d - 3. Let z = -15 - -122. Calculate the remainder when z is divided by n(h).
17
Suppose b - 4*a - 24 = 0, 41 + 64 = 5*b - 5*a. Suppose 22*p - b*p - 8 = 0. Suppose -s - p*s + 415 = 0. Calculate the remainder when s is divided by 21.
20
Suppose 2*c - 14 = -j, -2*c - 42*j + 30 = -37*j. Suppose s = c*n - 437, -n + 3*s = -41 - 38. Calculate the remainder when n is divided by 27.
7
Suppose -10*p - 8 = -92 + 24. Suppose -2*b - 4*s = -s - 75, -4*b + 5*s = -95. What is the remainder when b is divided by p?
0
Let v be 62*(1/(-2) - -1). Suppose -131 = 5*r - 4*g - 18, 89 = -4*r + 3*g. Let x = r + v. What is the remainder when 53 is divided by x?
11
Let a(z) = 43*z**2 - 2*z - 2. Let j(t) = -t**3 - 13*t**2 - t - 454. Calculate the remainder when a(-2) is divided by j(-15).
9
Suppose -3*f - 92 + 1274 = 0. Suppose 31*h - 27*h = -2*w + f, 0 = -4*h + 8. What is the remainder when w is divided by 15?
13
Let c be 1/(1/(0 + 13)). Suppose -83 = -d + 3*z - c, 4*z = d - 66. Let r = 94 - d. Calculate the remainder when 82 is divided by r.
10
Let h = 1010 + -604. Suppose 0 = 23998*z - 23874*z - 1364. Calculate the remainder when h is divided by z.
10
Suppose 10155 - 7215 = 20*n. What is the remainder when 1325 is divided by n?
2
Suppose -55*i = -57*i - 532. Let j = -98 - i. What is the remainder when j is divided by 26?
12
Let v(q) = -q**3 + 12*q**2 + 13*q + 11. Let t be v(13). Suppose t*a - 642 + 15 = 0. Calculate the remainder when a is divided by 20.
17
Let l(u) = 2*u**2 + 120*u + 2710. What is the remainder when l(-62) is divided by 141?
138
Let o = 29 - 26. Let h = 6 - o. Suppose 4*y - a = -0*y + 94, -h*y + 67 = a. What is the remainder when 85 is divided by y?
16
Suppose 2046 + 1162 = 120*c - 512. Calculate the remainder when 1489 is divided by c.
1
Let z be ((-6)/(-3))/((-15)/(-120)). Suppose 991 = z*w + 95. Let n = 22 + -10. What is the remainder when w is divided by n?
8
Suppose -276 = -2*x + 352. Suppose -x*z + 20 = -310*z. Suppose -p - 11 = -2*p. Calculate the remainder when p is divided by z.
1
Suppose 0 = 45*f - 10153 - 7262. What is the remainder when f is divided by 63?
9
Suppose -67 = -4*l - 59. Suppose 9*d = l*d + 56. Suppose 2*o - 83 + 25 = 0. What is the remainder when o is divided by d?
5
Suppose -4*x + 618 = -626. Let b(l) = l**2 - 14*l + 75. Calculate the remainder when x is divided by b(7).
25
Let g = -54 - -66. Suppose -g*k = -14*k. Suppose k = -5*v + 56 + 299. What is the remainder when v is divided by 19?
14
Let i = 125 - 62. Let b(d) = 57*d - 621. Let j be b(10). Let o = j + i. Calculate the remainder when 68 is divided by o.
8
What is the remainder when ((-10944)/3)/(-4) + 64/(-32) is divided by 161?
105
Let f be (52/(-3))/(-13)*4*42. Let u = f - 194. Calculate the remainder when u is divided by 7.
2
Suppose 419*p - 418*p = 34. Suppose p*x - 1425 = 9*x. Let z = 26 - 6. Calculate the remainder when x is divided by z.
17
Suppose t - 32 = -5*z + 11, -5*z = -3*t - 31. Calculate the remainder when 287 + 9 + -8 + z is divided by 13.
10
Let r = 10690 + -10597. What is the remainder when 588 is divided by r?
30
Suppose 0 = 3*t - 3*u - 225, -20*t + 17*t + 219 = -5*u. Let o = t - 68. What is the remainder when 267 is divided by o?
7
Suppose -15*w - 1180 = 1340. Let d = w - -194. Calculate the remainder when 35 is divided by d.
9
Let u(y) = -6*y**3 + 14*y**2 + 35*y + 4. What is the remainder when 469 is divided by u(-2)?
13
Let j be 135 - (-1 + -1 - 0/3). Suppose -j = -3*a - 5*r, -2*r = 4*a - 3*r - 175. Calculate the remainder when a is divided by 15.
14
What is the remainder when (8 - 13)*(26628/(-35))/4 is divided by 192?
183
What is the remainder when ((-6)/12 + (-13)/2)*-28 is divided by 56?
28
Suppose 20*v = 32*v - 36. Suppose 3 = -g - 2*g. Calculate the remainder when -93*g/v - (-5 - -4) is divided by 6.
2
Suppose 0 = 3*i + 2*i - 155. Let m(p) = 3*p + 59 + 31 - 10. Calculate the remainder when i is divided by m(-25).
1
Let d be -690*((-168)/(-35) + -4). Let y = d + 593. What is the remainder when 322 is divided by y?
35
Suppose -4*k - 511 = -5*b - 3*k, 2*k = 4*b - 410. Let x = b + -168. What is the remainder when 16 is divided by ((-21)/63)/(2/x)?
5
Let m = 8881 - 8566. Calculate the remainder when 1261 is divided by m.
1
Suppose -250 = -q - 2*h + 1014, 0 = -5*q - 2*h + 6304. What is the remainder when q is divided by 55?
50
Suppose -2*d = 2*y - 752, -3*d = -2*y - 705 - 443. What is the remainder when d is divided by 28?
16
Let b = -11 + 12. Suppose 0 = 5*f + 2*m - 108, 0 = -3*f - 5*m + m + 62. Calculate the remainder when 87*b - 6/6 is divided by f.
20
Suppose -k + 5*k + j = 276, 4*k - 260 = -5*j. Suppose k*i - 71*i = -20. What is the remainder when 397 is divided by i?
17
Suppose 28*i - 89*i + 1536 = -49*i. What is the remainder when i is divided by 31?
4
Let t = 21 - -45. Calculate the remainder when (-12)/66 + 6876/t - -2 is divided by 37.
32
Let t = 109 + -98. Calculate the remainder when (-1 - -98)/(1/(1 + 0)) is divided by t.
9
Let o = 2250 + -2135. Calculate the remainder when o is divided by 23.
0
Let b = -213 - -312. Let t(y) = 671*y + 18805. Calculate the remainder when b is divided by t(-28).
14
Suppose -4*q + 7*r - 9*r = -224, 4*r = 3*q - 168. Suppose -5*m + 4*n + 111 = 0, 3*n + 0*n - 7 = -m. What is the remainder when q is divided by (-3 - (2 - 6))*m?
18
Let k be ((-8)/(-12))/(8/(-2340)*-3). Let h = 79 - k. Calculate the remainder when h is divided by 6.
2
Suppose 6*r - 2*r - 160 = 0. Suppose -8*w + 81 + 399 = 0. What is the remainder when r is divided by 370/w - 2/12?
4
Let z be (18/(-10))/(93/(-310)). Suppose 2*i - 82 = -4*p, z = -0*i - 2*i. What is the remainder when 196 is divided by p?
20
Let t(u) = -u**3 + 30*u**2 + 37*u + 347. Calculate the remainder when t(31) is divided by 32.
21
Let r(n) = n**3 - 131*n**2 - 129*n - 385. Calculate the remainder when 161/4 + 6/(-24) is divided by r(132).
7
Suppose 0 = 2*q + 8 - 42. Let x(s) = -s**2 + 9*s + 23. Let p be x(10). Suppose 2*w = p*w - 1078. What is the remainder when w is divided by q?
13
Suppose 0 = -3*q + 635 + 808. Let a(v) = 9*v**2 - 9*v - 3. Let w be a(6). Let d = q - w. Calculate the remainder when d is divided by 27.
25
Suppose 0*j + j + 0*j = 0. Suppose -2*q + q + 1 = -5*d, 4*d - 4 = j. Suppose -7*b + q*b = -2. Calculate the remainder when 11 is divided by b.
1
Suppose 4*b + w - 19 - 15 = 0, 0 = -4*b + 3*w + 42. Let d be (-3)/((4 - 3)*-1). Calculate the remainder when -4*d/9*-12 is divided by b.
7
Calculate the remainder when 657 is divided by (5/((-5)/(-34)))/(-2)*(-35 - -32).
45
Suppose 0 = 3*j + 4*a - 2104, -678 = -j + 422*a - 420*a. Calculate the remainder when j is divided by 104.
68
Suppose 42 = -n + 8*n. Let q = n + 17. Let w = 48 - q. Calculate the remainder when 149 is divided by w.
24
Let l(v) = 2*v**3 - v**2 + 1. Let q be l(-3). Let x = q + 127. What is the remainder when x is divided by 60/(-19 - -4) - -22?
11
Suppose -41135 = -22*d + 20597. Calculate the remainder when d is divided by 53.
50
Suppose 0 = 33*s - 63*s + 2*s + 32928. What is the remainder when s is divided by 169?
162
Suppose 3*n - 39 = -3*i, -2*n + 5*i = -37 + 4. Suppose 0 = -2*v - 3*v - 4*s - 183, 2*s - 6 = 0. Let g = v + 47. What is the remainder when n is divided by g?
6
Suppose 0 = -3*v - 24 + 78. Suppose -m - v = -23. Calculate the remainder when 15 is divided by m.
0
Suppose -4*n + 24*n = -100*n + 105600. What is the remainder when n is divided by 179?
164
Suppose -5*m + 8*m = 21. Suppose -m*o = -12*o + 20. Suppose 4*q = -2*t + 9*q + 129, -o*q + 58 = t. Calculate the remainder when t is divided by 9.
8
Let o be (3/((-3)/302))/(-2). Suppose -w + o = m + 38, 0 = -5*m + 3*w + 549. What is the remainder when m is divided by 76?
35
Let t be 148